{"id":2,"date":"2024-01-25T21:34:34","date_gmt":"2024-01-25T21:34:34","guid":{"rendered":"https:\/\/fairedutheatre.ca\/?page_id=2"},"modified":"2025-09-18T22:06:43","modified_gmt":"2025-09-18T22:06:43","slug":"boutique-2","status":"publish","type":"page","link":"https:\/\/fairedutheatre.ca\/?page_id=2","title":{"rendered":"Claude Paiement"},"content":{"rendered":"<nav class=\"wp-block-navigation is-layout-flex wp-block-navigation-is-layout-flex\" aria-label=\"Navigation\"><ul class=\"wp-block-navigation__container  wp-block-navigation\"><li class=\" wp-block-navigation-item wp-block-navigation-link\"><a class=\"wp-block-navigation-item__content\"  href=\"https:\/\/fairedutheatre.ca\/?page_id=2\"><span class=\"wp-block-navigation-item__label\">Claude Paiement<\/span><\/a><\/li><li class=\" wp-block-navigation-item wp-block-navigation-link\"><a class=\"wp-block-navigation-item__content\"  href=\"https:\/\/fairedutheatre.ca\/?page_id=572\"><span class=\"wp-block-navigation-item__label\">Thomas Dufour<\/span><\/a><\/li><li class=\" wp-block-navigation-item wp-block-navigation-link\"><a class=\"wp-block-navigation-item__content\"  href=\"https:\/\/fairedutheatre.ca\/?page_id=583\"><span class=\"wp-block-navigation-item__label\">Marc-Andr\u00e9 Brunet<\/span><\/a><\/li><\/ul><\/nav>\n\n\n<div style=\"height:30px\" aria-hidden=\"true\" class=\"wp-block-spacer\"><\/div>\n\n\n\n<div class=\"wp-block-group is-nowrap is-layout-flex wp-container-core-group-is-layout-ad2f72ca wp-block-group-is-layout-flex\">\n<figure class=\"wp-block-image size-full\"><img fetchpriority=\"high\" decoding=\"async\" width=\"1907\" height=\"2652\" src=\"https:\/\/fairedutheatre.ca\/wp-content\/uploads\/2024\/06\/10-DSC03622.png\" alt=\"\" class=\"wp-image-282\" style=\"aspect-ratio:2\/3;object-fit:cover\" srcset=\"https:\/\/fairedutheatre.ca\/wp-content\/uploads\/2024\/06\/10-DSC03622.png 1907w, https:\/\/fairedutheatre.ca\/wp-content\/uploads\/2024\/06\/10-DSC03622-216x300.png 216w, https:\/\/fairedutheatre.ca\/wp-content\/uploads\/2024\/06\/10-DSC03622-736x1024.png 736w, https:\/\/fairedutheatre.ca\/wp-content\/uploads\/2024\/06\/10-DSC03622-768x1068.png 768w, https:\/\/fairedutheatre.ca\/wp-content\/uploads\/2024\/06\/10-DSC03622-1105x1536.png 1105w, https:\/\/fairedutheatre.ca\/wp-content\/uploads\/2024\/06\/10-DSC03622-1473x2048.png 1473w, https:\/\/fairedutheatre.ca\/wp-content\/uploads\/2024\/06\/10-DSC03622-250x348.png 250w, https:\/\/fairedutheatre.ca\/wp-content\/uploads\/2024\/06\/10-DSC03622-350x487.png 350w\" sizes=\"(max-width: 767px) 89vw, (max-width: 1000px) 54vw, (max-width: 1071px) 543px, 580px\" \/><\/figure>\n\n\n\n<p>D&rsquo;abord form\u00e9 comme com\u00e9dien, Claude Paiement  a par la suite explor\u00e9 l&rsquo;\u00e9criture dramatique et la mise  en sc\u00e8ne. En 1990, il fonde le <a href=\"https:\/\/theatreharpagon.com\">th\u00e9\u00e2tre Harpagon<\/a> et en dirige la destin\u00e9 depuis. Il a \u00e9crit et mis en sc\u00e8ne la majorit\u00e9 des pi\u00e8ces que la compagnie a pr\u00e9sent\u00e9es (<em>La Flotte de la Reine, Le petit cirque de barbarie, L&rsquo;ahurissant vertige de Monsieur Ma\u00eblstrom, La chaise, Virus et Versa, <\/em>etc<em>.<\/em>). Ses pi\u00e8ces sont produites au Qu\u00e9bec, en France, en Suisse et en Roumanie.<\/p>\n<\/div>\n\n\n\n<p><\/p>\n\n\n\n<p>Passionn\u00e9 par l&rsquo;enseignement et la p\u00e9dagogie du jeu de l&rsquo;acteur, il met sur pied <a href=\"https:\/\/coursdetheatre.ca\">L&rsquo;Atelier &#8211; cours de th\u00e9\u00e2tre<\/a> en 1994, une \u00e9cole dont la mission est de faire aimer le th\u00e9\u00e2tre et d&rsquo;en d\u00e9mocratiser la pratique. Il y partage sa passion avec la conviction profonde que tous nous sommes acteurs et que jouer la com\u00e9die fait partie des facult\u00e9s essentielles au d\u00e9veloppement de l&rsquo;\u00eatre humain.<\/p>\n\n\n\n<p><em>Faire du th\u00e9\u00e2tre <\/em>est son tout premier livre sur le jeu. Il y synth\u00e9tise une trentaine d&rsquo;ann\u00e9es de pratique et d&rsquo;enseignement.<\/p>\n\n\n\n<p><strong>Autres titres publi\u00e9s par l&rsquo;auteur:<\/strong><\/p>\n\n\n\n<ul class=\"wp-block-list\">\n<li><em>La flotte de la Reine<\/em> (th\u00e9\u00e2tre), Lanct\u00f4t \u00e9diteur.<\/li>\n\n\n\n<li><em>Le petit cirque de Barbarie<\/em> (th\u00e9\u00e2tre), Lanct\u00f4t \u00e9diteur.<\/li>\n\n\n\n<li><em>L&rsquo;ahurissant vertige de Monsieur<\/em> <em>Maelstr\u00f6m <\/em>(th\u00e9\u00e2tre), Lanct\u00f4t \u00e9diteur.<\/li>\n\n\n\n<li><em>Scaphandre huit<\/em>, Le naufrag\u00e9 de Memoria (roman graphique), Les 400 coups.<\/li>\n\n\n\n<li><em>L&rsquo;ab\u00eeme,<\/em> Le naufrag\u00e9 de Memoria (roman graphique), Les 400 coups.<\/li>\n\n\n\n<li><em>La femme aux cartes postales<\/em> (roman graphique), La past\u00e8que.<\/li>\n\n\n\n<li><em>Memoria <\/em>(roman graphique), La past\u00e8que.<\/li>\n<\/ul>\n\n\n\n<p><\/p>\n\n\n\n<p><\/p>\n","protected":false},"excerpt":{"rendered":"<p>D&rsquo;abord form\u00e9 comme com\u00e9dien, Claude Paiement a par la suite explor\u00e9 l&rsquo;\u00e9criture dramatique et la mise en sc\u00e8ne. En 1990, il fonde le th\u00e9\u00e2tre Harpagon et en dirige la destin\u00e9 depuis. Il a \u00e9crit et mis en sc\u00e8ne la majorit\u00e9 des pi\u00e8ces que la compagnie a pr\u00e9sent\u00e9es (La Flotte de la Reine, Le petit cirque &hellip; <\/p>\n<p class=\"link-more\"><a href=\"https:\/\/fairedutheatre.ca\/?page_id=2\" class=\"more-link\">Continuer la lecture<span class=\"screen-reader-text\"> de &laquo;&nbsp;Claude Paiement&nbsp;&raquo;<\/span><\/a><\/p>\n","protected":false},"author":1,"featured_media":0,"parent":0,"menu_order":0,"comment_status":"closed","ping_status":"closed","template":"","meta":{"footnotes":""},"class_list":["post-2","page","type-page","status-publish","hentry"],"_links":{"self":[{"href":"https:\/\/fairedutheatre.ca\/index.php?rest_route=\/wp\/v2\/pages\/2","targetHints":{"allow":["GET"]}}],"collection":[{"href":"https:\/\/fairedutheatre.ca\/index.php?rest_route=\/wp\/v2\/pages"}],"about":[{"href":"https:\/\/fairedutheatre.ca\/index.php?rest_route=\/wp\/v2\/types\/page"}],"author":[{"embeddable":true,"href":"https:\/\/fairedutheatre.ca\/index.php?rest_route=\/wp\/v2\/users\/1"}],"replies":[{"embeddable":true,"href":"https:\/\/fairedutheatre.ca\/index.php?rest_route=%2Fwp%2Fv2%2Fcomments&post=2"}],"version-history":[{"count":18,"href":"https:\/\/fairedutheatre.ca\/index.php?rest_route=\/wp\/v2\/pages\/2\/revisions"}],"predecessor-version":[{"id":622,"href":"https:\/\/fairedutheatre.ca\/index.php?rest_route=\/wp\/v2\/pages\/2\/revisions\/622"}],"wp:attachment":[{"href":"https:\/\/fairedutheatre.ca\/index.php?rest_route=%2Fwp%2Fv2%2Fmedia&parent=2"}],"curies":[{"name":"wp","href":"https:\/\/api.w.org\/{rel}","templated":true}]}}