{"id":3,"date":"2024-01-25T21:34:34","date_gmt":"2024-01-25T21:34:34","guid":{"rendered":"https:\/\/fairedutheatre.ca\/?page_id=3"},"modified":"2024-02-01T19:06:32","modified_gmt":"2024-02-01T19:06:32","slug":"privacy-policy","status":"publish","type":"page","link":"https:\/\/fairedutheatre.ca\/?page_id=3","title":{"rendered":"PROTECTION DES RENSEIGNEMENTS PERSONNELS"},"content":{"rendered":"\n<p>Th\u00e9\u00e2tre et cr\u00e9ation \u00e9dition respecte votre droit \u00e0 la protection des renseignements personnels, conform\u00e9ment aux lois du Qu\u00e9bec et du Canada sur la protection de la vie priv\u00e9e.<\/p>\n\n\n\n<p>Th\u00e9\u00e2tre et cr\u00e9ation \u00e9dition peut \u00eatre appel\u00e9e \u00e0 recueillir des renseignements personnels \u00e0 votre sujet. Ces renseignements personnels sont utilis\u00e9s exclusivement par Th\u00e9\u00e2tre et cr\u00e9ation \u00e9dition pour communiquer avec vous, vous fournir les services ou les renseignements que vous avez demand\u00e9s ou vous transmettre des informations susceptibles de vous int\u00e9resser. Th\u00e9\u00e2tre et cr\u00e9ation \u00e9dition ne se servira des renseignements personnels qu&rsquo;\u00e0 ces fins, \u00e0 moins d&rsquo;avoir obtenu votre consentement. Si vous ne d\u00e9sirez pas recevoir de l&rsquo;information suppl\u00e9mentaire, vous pouvez nous le faire savoir en communiquant avec nous.<\/p>\n","protected":false},"excerpt":{"rendered":"<p>Th\u00e9\u00e2tre et cr\u00e9ation \u00e9dition respecte votre droit \u00e0 la protection des renseignements personnels, conform\u00e9ment aux lois du Qu\u00e9bec et du Canada sur la protection de la vie priv\u00e9e. Th\u00e9\u00e2tre et cr\u00e9ation \u00e9dition peut \u00eatre appel\u00e9e \u00e0 recueillir des renseignements personnels \u00e0 votre sujet. Ces renseignements personnels sont utilis\u00e9s exclusivement par Th\u00e9\u00e2tre et cr\u00e9ation \u00e9dition pour &hellip; <\/p>\n<p class=\"link-more\"><a href=\"https:\/\/fairedutheatre.ca\/?page_id=3\" class=\"more-link\">Continuer la lecture<span class=\"screen-reader-text\"> de &laquo;&nbsp;PROTECTION DES RENSEIGNEMENTS PERSONNELS&nbsp;&raquo;<\/span><\/a><\/p>\n","protected":false},"author":1,"featured_media":0,"parent":0,"menu_order":0,"comment_status":"closed","ping_status":"open","template":"","meta":{"footnotes":""},"class_list":["post-3","page","type-page","status-publish","hentry"],"_links":{"self":[{"href":"https:\/\/fairedutheatre.ca\/index.php?rest_route=\/wp\/v2\/pages\/3","targetHints":{"allow":["GET"]}}],"collection":[{"href":"https:\/\/fairedutheatre.ca\/index.php?rest_route=\/wp\/v2\/pages"}],"about":[{"href":"https:\/\/fairedutheatre.ca\/index.php?rest_route=\/wp\/v2\/types\/page"}],"author":[{"embeddable":true,"href":"https:\/\/fairedutheatre.ca\/index.php?rest_route=\/wp\/v2\/users\/1"}],"replies":[{"embeddable":true,"href":"https:\/\/fairedutheatre.ca\/index.php?rest_route=%2Fwp%2Fv2%2Fcomments&post=3"}],"version-history":[{"count":4,"href":"https:\/\/fairedutheatre.ca\/index.php?rest_route=\/wp\/v2\/pages\/3\/revisions"}],"predecessor-version":[{"id":123,"href":"https:\/\/fairedutheatre.ca\/index.php?rest_route=\/wp\/v2\/pages\/3\/revisions\/123"}],"wp:attachment":[{"href":"https:\/\/fairedutheatre.ca\/index.php?rest_route=%2Fwp%2Fv2%2Fmedia&parent=3"}],"curies":[{"name":"wp","href":"https:\/\/api.w.org\/{rel}","templated":true}]}}